on divisor of 2124 and 36?
36
What is the highest common divisor of 495 and 1395?
45
What is the highest common divisor of 352 and 11?
11
What is the greatest common divisor of 24 and 3160?
8
What is the greatest common factor of 8 and 9?
1
What is the highest common divisor of 33 and 26983?
11
What is the greatest common divisor of 52 and 325?
13
Calculate the greatest common factor of 10 and 790.
10
Calculate the greatest common factor of 5080 and 120.
40
Calculate the highest common factor of 13770 and 60.
30
Calculate the highest common divisor of 5157 and 54.
27
Calculate the highest common divisor of 15 and 1095.
15
What is the greatest common divisor of 13689 and 81?
81
Calculate the highest common divisor of 25 and 4525.
25
What is the greatest common divisor of 231 and 198?
33
What is the highest common divisor of 87 and 7221?
87
Calculate the highest common factor of 6 and 1171.
1
What is the highest common factor of 135 and 180?
45
Calculate the greatest common divisor of 74 and 1702.
74
Calculate the greatest common factor of 10 and 35680.
10
What is the highest common factor of 4 and 212?
4
Calculate the greatest common divisor of 9 and 1.
1
Calculate the greatest common factor of 126 and 336.
42
Calculate the highest common divisor of 4 and 26.
2
Calculate the highest common factor of 300 and 1320.
60
Calculate the highest common factor of 30 and 47565.
15
What is the greatest common divisor of 5268 and 12?
12
Calculate the greatest common factor of 16452 and 8.
4
Calculate the greatest common factor of 9783 and 9.
9
Calculate the greatest common divisor of 550 and 75.
25
Calculate the greatest common factor of 4536 and 81.
81
What is the greatest common divisor of 20 and 8?
4
Calculate the highest common divisor of 518 and 49.
7
What is the highest common factor of 220 and 132?
44
What is the highest common factor of 352 and 8352?
32
What is the highest common factor of 1691 and 19?
19
Calculate the highest common factor of 1260 and 280.
140
Calculate the greatest common divisor of 612 and 544.
68
Calculate the greatest common divisor of 11 and 55.
11
What is the greatest common divisor of 37 and 407?
37
What is the highest common factor of 488 and 305?
61
What is the highest common divisor of 273 and 728?
91
What is the highest common factor of 39 and 33?
3
Calculate the greatest common divisor of 28891 and 167.
167
What is the greatest common divisor of 12903 and 99?
33
Calculate the highest common divisor of 6244 and 140.
28
Calculate the greatest common factor of 234 and 90.
18
What is the greatest common divisor of 3 and 159?
3
What is the greatest common factor of 2143 and 1?
1
What is the greatest common divisor of 75 and 90?
15
Calculate the greatest common factor of 88 and 7876.
44
Calculate the greatest common divisor of 88 and 16.
8
Calculate the greatest common divisor of 1245 and 15.
15
Calculate the highest common divisor of 28 and 42.
14
What is the highest common factor of 7680 and 540?
60
Calculate the greatest common factor of 2 and 2787.
1
What is the highest common factor of 120 and 1160?
40
What is the greatest common divisor of 1104 and 32?
16
What is the highest common divisor of 5508 and 51?
51
Calculate the highest common divisor of 50 and 70.
10
What is the highest common factor of 2241 and 166?
83
Calculate the highest common factor of 2185 and 115.
115
Calculate the highest common divisor of 128 and 96.
32
Calculate the greatest common divisor of 15 and 4745.
5
What is the highest common divisor of 96 and 24768?
96
What is the highest common factor of 851 and 148?
37
What is the greatest common factor of 40 and 16?
8
Calculate the greatest common factor of 195 and 29445.
195
Calculate the highest common divisor of 256 and 112.
16
Calculate the greatest common factor of 828 and 432.
36
What is the highest common divisor of 100 and 2050?
50
What is the highest common factor of 168 and 1932?
84
What is the greatest common divisor of 58 and 3306?
58
Calculate the greatest common factor of 682 and 66.
22
Calculate the highest common factor of 194 and 873.
97
What is the highest common divisor of 207 and 50508?
207
Calculate the greatest common factor of 45 and 27.
9
Calculate the greatest common divisor of 100 and 740.
20
What is the highest common factor of 1248 and 39?
39
Calculate the greatest common divisor of 54 and 306.
18
Calculate the highest common factor of 11178 and 92.
46
Calculate the greatest common factor of 98 and 11858.
98
Calculate the highest common divisor of 18 and 1413.
9
What is the greatest common factor of 112 and 392?
56
What is the greatest common divisor of 2465 and 170?
85
What is the greatest common divisor of 21899 and 61?
61
Calculate the greatest common divisor of 1911 and 78.
39
Calculate the greatest common divisor of 4272 and 120.
24
What is the greatest common divisor of 81 and 8181?
81
What is the greatest common factor of 474 and 6?
6
Calculate the greatest common divisor of 18 and 1152.
18
Calculate the greatest common factor of 252 and 819.
63
What is the highest common factor of 9 and 26?
1
Calculate the greatest common factor of 22 and 4.
2
What is the highest common factor of 50 and 120?
10
Calculate the greatest common divisor of 48 and 1950.
6
Calculate the greatest common factor of 112 and 80976.
112
Calculate the greatest common factor of 480 and 270.
30
Calculate the highest common factor of 8 and 3896.
8
What is the highest common factor of 92550 and 150?
150
What is the greatest common factor of 164 and 410?
82
Calculate the greatest common factor of 18 and 234.
18
What is the highest common divisor of 1566 and 108?
54
What is the highest common divisor of 13 and 1963?
13
What is the highest common factor of 9310 and 35?
35
What is the greatest common factor of 19 and 6745?
19
What is the highest common divisor of 132 and 60?
12
What is the greatest common divisor of 9 and 8649?
9
Calculate the highest common factor of 230 and 805.
115
Calculate the highest common divisor of 66 and 12.
6
Calculate the greatest common factor of 28 and 819.
7
What is the highest common divisor of 957 and 435?
87
Calculate the highest common divisor of 2835 and 243.
81
What is the highest common factor of 54 and 198?
18
What is the highest common divisor of 4 and 276?
4
Calculate the greatest common divisor of 387 and 18.
9
Calculate the greatest common factor of 483 and 69.
69
What is the greatest common factor of 310 and 806?
62
What is the greatest common divisor of 45 and 45?
45
Calculate the highest common factor of 432 and 336.
48
Calculate the greatest common factor of 119 and 833.
119
Calculate the highest common divisor of 15 and 3.
3
Calculate the highest common divisor of 58 and 1450.
58
Calculate the highest common factor of 864 and 32.
32
What is the greatest common factor of 20 and 932?
4
Calculate the greatest common factor of 1360 and 80.
80
What is the greatest common divisor of 49 and 7301?
49
What is the highest common divisor of 616 and 264?
88
Calculate the highest common divisor of 2142 and 3808.
238
What is the greatest common factor of 21 and 1407?
21
What is the greatest common divisor of 167 and 4?
1
What is the greatest common divisor of 40 and 1240?
40
Calculate the highest common factor of 1460 and 100.
20
What is the highest common factor of 850 and 1326?
34
What is the highest common divisor of 51743 and 59?
59
What is the highest common divisor of 448 and 6832?
112
What is the highest common factor of 80 and 415?
5
Calculate the highest common factor of 375 and 2675.
25
Calculate the highest common divisor of 144 and 32.
16
What is the highest common divisor of 48 and 272?
16
What is the greatest common factor of 181 and 8?
1
What is the highest common divisor of 362 and 9774?
362
Calculate the greatest common divisor of 60 and 10.
10
What is the highest common factor of 2070 and 315?
45
Calculate the greatest common factor of 22352 and 352.
176
What is the highest common factor of 11585 and 1324?
331
What is the highest common factor of 14807 and 13?
13
Calculate the highest common divisor of 148 and 548.
4
What is the greatest common divisor of 312 and 78?
78
Calculate the greatest common factor of 230 and 310.
10
Calculate the highest c